8, -2*h + 144 = i*g. What is the highest common divisor of h and 17?
17
Suppose 30 = z + 6. What is the highest common factor of z and 88?
8
Let h be (0/8)/(0 - -2). Suppose h = 6*y - 5*y - 45. Calculate the greatest common factor of y and 30.
15
Let h(j) = j + 15. Let w be h(-11). Suppose 0 = -w*k - 0 + 12. Suppose 0*x - k*x + 27 = 5*s, -x - s = -11. Calculate the greatest common factor of 28 and x.
14
Suppose 3*a + 2*s = -0*s + 17, -3 = -2*a - 3*s. Let o(l) = l**3 - 6*l**2 - 24*l - 9. Let r be o(a). What is the greatest common factor of r and 99?
9
Let y = -91 - -92. Let n(t) = 66*t**2 - t + 1. Let l be n(y). What is the highest common divisor of 6 and l?
6
Let y be (3 - 22/10) + 1089/45. What is the greatest common factor of y and 25?
25
Let f be 2*(-2)/(-12)*-3 - -133. Let g = f - 81. What is the greatest common divisor of 17 and g?
17
Let s = -1360 - -2432. What is the highest common factor of 32 and s?
16
Let h(j) = -j**3 + 47*j**2 - 2*j + 115. Let k be h(47). Calculate the highest common factor of k and 609.
21
Suppose -5*b = 5*k - 410, -b + 87 = -3*k + 5*k. Calculate the highest common divisor of 7 and b.
7
Suppose -15*m + 14*m = -52. Calculate the greatest common factor of m and 65.
13
Let q be (0/7)/((-2)/(-2)). Let h(o) = o**2 + 4*o + 84. Let z be h(q). What is the greatest common factor of 12 and z?
12
Suppose -17 = -x + 2*x. Let a = x + 12. Let n be ((-4)/a)/((-16)/(-1000)). Calculate the highest common factor of n and 20.
10
Let d(g) = 6*g**2 + g - 2. Let o be d(-2). Suppose -21*p + 14*p + 350 = 0. What is the greatest common factor of p and o?
10
Suppose -393*t + 6 = -390*t. Calculate the greatest common divisor of t and 29.
1
Let j be (5 + -1)*2/4. Suppose -q - 4 = -8. Suppose 2*n = -x + 25, -q*x = n + n - 16. Calculate the highest common divisor of j and n.
2
Let n(f) = -104*f**3 + 2*f**2 + 4*f + 3. Let j be n(-1). What is the highest common divisor of 63 and j?
21
Let u(z) = -2*z**2 - 58*z + 32. Let k be u(-29). What is the greatest common factor of 4 and k?
4
Let z be ((-6)/((-48)/(-244)))/(2/(-4)). Suppose -2*h = -6*h - w + z, -2*w = -10. Calculate the greatest common divisor of h and 14.
14
Let w be (-1 - (-52)/1) + (62 - 64). Calculate the greatest common divisor of w and 343.
49
Let z = 8 - 4. Suppose 0*m = z*m - 96. Let h be m/9*(7 + 2). What is the greatest common divisor of 24 and h?
24
Suppose -5*l - 1337 = -0*z - 4*z, -5*z - 2*l = -1663. What is the highest common divisor of z and 37?
37
Let g(l) = -89*l + 542. Let k be g(6). What is the highest common divisor of k and 212?
4
Let z = -1 - -12. Let b = -5 + z. Let m(x) = -15*x - 3. Let o be m(-3). Calculate the greatest common divisor of o and b.
6
Let c(v) = -12*v - 12. Let p(l) = 13*l + 12. Let g(j) = 5*c(j) + 4*p(j). Let y be g(-11). What is the greatest common factor of y and 190?
38
Let v(p) = -p**3 - 7*p**2 - 4*p - 2. Let b be ((-14)/4)/((-6)/(-12)). Let a be v(b). What is the highest common divisor of 286 and a?
26
Suppose 0 - 10 = 5*p, 0 = -2*v + p + 376. What is the greatest common factor of 11 and v?
11
Suppose -324 = -35*y + 23*y. What is the greatest common divisor of 243 and y?
27
Suppose -27*f - 24*f = -918. Calculate the highest common factor of f and 576.
18
Suppose -12*u = 6*u - 1044. What is the highest common divisor of u and 638?
58
Suppose -8*d = 9 - 345. What is the greatest common divisor of 12 and d?
6
Let g(o) = 14 - 46 + 7*o + o**2 + 12. Let n be g(-19). What is the highest common factor of n and 26?
26
Let y = 43 + -34. Calculate the highest common factor of y and 12.
3
Suppose 26*g + 4*g = 960. What is the highest common factor of g and 736?
32
Let g(j) = 11*j**2 - 4*j - 23. Let x be g(-5). What is the greatest common divisor of 34 and x?
34
Suppose -5*c = -15, 5*c - 475 = 3*p - 7*p. Calculate the highest common divisor of p and 5.
5
Suppose -y + 5*y - 3*z = 241, 3*z - 89 = -2*y. Suppose 7*q - 22 = 5*q. Calculate the greatest common factor of q and y.
11
Suppose 0 = -2*b - x + 42, x + 0*x = -4*b + 82. Let i be (7*-3 + 1)/(-2). Calculate the highest common factor of i and b.
10
Let i = 8 - -7. Let o(m) = 3*m**3 + 6*m**2 - 9. Let g be o(-4). Let d = g - -180. Calculate the highest common factor of i and d.
15
Let j(i) = -i**2 + 6*i - 4. Let d be j(5). Suppose -5*o + 4*m = 3, 2*m - m = 5*o - 3. Calculate the highest common divisor of d and o.
1
Let j be 7*-6*4/(-42). Calculate the highest common factor of j and 10.
2
Let h(m) = m + 5. Let l be h(-4). Suppose -45 = -5*v + 2*g - g, 2*g = 10. What is the highest common divisor of l and v?
1
Let f = 6 - -44. Suppose -5 + 2 = -b. Suppose -4 = -c - c, 81 = 3*z + b*c. Calculate the greatest common divisor of z and f.
25
Let d = 415 + 15. Calculate the greatest common divisor of 258 and d.
86
Suppose 0 = 5*w - 14*w + 342. What is the highest common divisor of w and 323?
19
Let g(i) = 4*i + 21. Let l be g(-8). Let s = l + 12. Calculate the highest common factor of 1 and s.
1
Let v(k) = 11*k - 116. Let o be v(12). What is the greatest common factor of 8 and o?
8
Let b be 3*-1*-3 + 45 + -50. Let t = -53 + 213. Suppose -b*a - a = -t. What is the greatest common factor of a and 4?
4
Suppose f + j - 56 = -3*j, 5*f - 318 = -j. Let a be (-3)/12 - 298/(-8). Suppose a - 5 = 4*v. What is the greatest common factor of f and v?
8
Let p(c) = 3*c - 15. Let g be p(10). Suppose r = -7 + g. What is the highest common divisor of 56 and r?
8
Suppose -z - 4*z = -5*b + 125, -89 = 3*z + 4*b. Let y be 4/18 - 669/z. Let u = y + -23. Calculate the greatest common divisor of u and 18.
2
Suppose -d - y + 3*y + 33 = 0, 0 = 3*y + 15. What is the greatest common factor of 207 and d?
23
Suppose 2*y - 258 = 4*x, 6*y = 3*y + 3*x + 378. What is the highest common divisor of y and 164?
41
Let s = 63 + -61. Suppose 5*z = s + 133. Calculate the greatest common divisor of z and 243.
27
Let s be ((-36)/10)/(8/(-4860)*3). What is the highest common factor of s and 27?
27
Suppose -14*m + 260 = -76. Calculate the highest common factor of m and 120.
24
Suppose 6*k = -2*k + 112. Let n be 14*1/2*1. Calculate the highest common divisor of k and n.
7
Let r = 3 - 0. Suppose -9*b - 5 + 50 = 0. Suppose 7*c - 2*c = -r*q + 71, b*c = -2*q + 54. What is the greatest common factor of 17 and q?
17
Suppose x + 28 - 34 = 0. Let g(f) = -f**2 + 4*f + 24. Let k be g(x). Let n be (-27)/((-1)/(2*2)). Calculate the highest common factor of n and k.
12
Suppose j = i + 6, -j - 2*j = -2*i - 14. Let p be (50 - (-1 + -2)) + (i - -6). Calculate the greatest common divisor of 11 and p.
11
Suppose 2 = -k - 17. Let y = k - -46. What is the greatest common factor of y and 81?
27
Suppose 19*f - 8079 = 2751. Calculate the highest common divisor of f and 90.
30
Let x(z) = -z**3 - 14*z**2 - 12*z + 17. Let u be x(-13). Suppose 2*k + 2 = t, -23 + 8 = -u*t + k. Calculate the greatest common factor of t and 4.
4
Let v(p) = 6*p**2 - 14*p - 17. Let u(g) = 5*g**2 - 13*g - 17. Let x(h) = -5*u(h) + 4*v(h). Let l be x(9). What is the highest common factor of l and 1?
1
Let h(y) = 5*y**2 + 23*y + 7. Suppose -29 = 5*w + 3*k, 4*w + k + 0*k = -26. Let f be h(w). What is the highest common divisor of f and 14?
7
Let b(v) = 10*v**2 - 2*v + 4. Let f be b(4). Let y = 1946 + -1933. What is the highest common factor of y and f?
13
Suppose 68*n - 54*n = 112. What is the greatest common factor of 872 and n?
8
Suppose -3*i - 17 + 2 = 0. Let k(s) = 2*s**2 + 5*s. Let g be k(i). Let t = 1366 + -1356. What is the greatest common factor of t and g?
5
Suppose 202 = 4*m - 3*n - 893, -5*m + 1330 = 4*n. What is the highest common factor of m and 10?
10
Let t(h) = -3*h**3 - 8*h**2 - 5*h + 2. Let r be (12 + -14)*(-5)/(-2). Let n be t(r). Let x = -58 + n. Calculate the highest common factor of x and 18.
18
Suppose 2 = -0*x + x, -677 = m + x. Let f = -436 - m. What is the greatest common divisor of 27 and f?
27
Suppose 7*c = -4*c + 2002. Suppose 0 = -48*n + 50*n - c. What is the highest common divisor of 13 and n?
13
Let x(f) = -2*f**2 + 32*f + 17. Let c(n) = -n**2 + 32*n + 18. Let w(m) = -3*c(m) + 2*x(m). Let z be w(-31). What is the greatest common factor of z and 143?
11
Let y = 12 - 12. Let l be 3 - -1*y/(-3). Suppose l*a + 405 = 8*a. Calculate the highest common factor of 54 and a.
27
Let w be 82 - (2/2